{"text_format":"1","workbook":"xlsx","n_sheets":5,"sheets":["Schaltbild","Kennlinien","Leitungsquerschnitt","Produktübersicht","Read me"],"not_rendered":{"charts":0,"images":19,"macros":1,"external_links":0,"defined_names":1,"comments":0,"pivot_tables":0},"unopened":[],"bounds":{"document_bytes":16777216,"sheet_cells":100000,"rows_first":2000,"rows_last":500,"rows_between":2000,"halvings":0,"cell_chars":16384,"cell_head_chars":4096},"cells_cut":0,"cells_raw":0,"read":"whole","date_system":"1900"}

{"sheet":"Schaltbild","index":0,"n_rows":37,"n_cols":58,"rows_kept":37,"cut":false,"hidden":false,"merged":[[2,2,3,3],[9,35,10,40],[13,31,13,32],[16,17,16,18],[13,24,13,25],[15,20,15,28],[13,11,13,12],[16,27,16,28],[15,29,15,35],[16,7,16,14],[3,30,4,30],[16,20,16,26],[15,1,15,4],[13,1,13,2],[10,9,11,9],[10,22,11,22],[17,38,17,40],[0,6,1,27],[5,31,5,32],[4,12,5,24],[10,31,11,31],[3,31,4,31],[10,11,11,11],[10,30,11,30],[7,15,8,16],[10,23,11,23],[10,18,11,19],[10,24,11,24],[10,10,11,10],[10,29,11,29],[3,29,4,29],[19,31,19,32],[17,1,17,4],[18,1,18,4],[21,11,21,24],[22,11,22,24],[17,31,17,34],[19,26,19,28],[23,37,23,38],[19,2,19,3],[36,10,36,24],[18,31,18,34],[26,31,26,38],[33,11,33,24],[23,7,23,27],[20,11,20,24],[34,10,34,24],[29,9,29,33],[19,23,19,24],[31,11,31,24],[28,9,28,27],[18,38,18,40],[26,1,26,4]]}
[null,null,null,null,null,null,"Ersatzschaltbild für Berechnung: \"Selektivität eines DC24V Lastkreises\"",null,null,null,null,null,null,null,null,null,null,null,null,null,null,null,null,null,null,null,null,null,null,"Widerstand Leitung 4"]
[null,null,null,null,null,null,null,null,null,null,null,null,null,null,null,null,null,null,null,null,null,null,null,null,null,null,null,null,null,"Länge =",null,0,"m"]
[null,null,"Netzteil"]
[null,null,null,null,null,null,null,null,null,null,null,null,null,null,null,null,null,null,null,null,null,null,null,null,null,null,null,null,null,null,{"$f":"IF(OR($AF$2=0,$AF$6=0),0,0.0178*$AF$2/$AF$6)","v":0},"Ω"]
[null,null,null,null,null,null,null,null,null,null,null,null,"Wählbare Kennlinien: \nREX12D-T, ESX10-(T), ESS30, ESS31-T, REX22D, ESX60D"]
[null,null,null,null," +",null,null,null,null,null,null,null,null,null,null,null,null,null,null,null,null,null,null,null,null,null,null,null,"Querschnitt = ",null,null,0,null,"mm²"]
[null,null,null,null,null,null,null,null,null,null,null,null,null,null,null,null,"Schutzschalter",null,null,null,null,null,null,null,null,null,null,null,null,null,null,null,null,null,null,null,null,null,null,null,null,null,null,null,null,null,null,null,null,null,null,null,null,null,null,"I Last ges =",{"$f":"IF(AE4>0,AH20+AN20,AH20)","v":3.8},"A"]
[null,null,null,null,null,null,null,null,null,"Widerstand Leitung 1",null,null,null,null,null,"Kennlinie =",null,3,4,null,null,null,"Widerstand Leitung 2",null,null,null,null,null,null,"Widerstand Leitung 3",null,null,null,null,null,"Achtung:"]
[null,null,null,null,null,null,null,null,null,"Länge =",null,2,"m",null,null,null,null,null,5,null,null,null,"Länge =",null,15,"m",null,null,null,"Länge =",null,15,"m",null,null,"Länge = beinhaltet",null,null,null,null,null,null,null,null,null,null,null,null,null,null,null,null,null,null,null,"R1+Ri+R2=",{"$f":"K11+R17+X11","v":0.21724000000000002},"Ω"]
[null,"Un",24,"V",null,null,null,null,null,null,null,null,null,null,null,null,null,null,null,null,null,null,null,null,null,null,null,null,null,null,null,null,null,null,null,"Hin- und Rückleitung!"]
[null,null,null,null,null,null,null,null,null,null,{"$f":"IF(OR($L$9=0,$L$14=0),0,0.0178*$L$9/$L$14)","v":1.4239999999999999E-2},"Ω",null,null,null,null,null,null,"i >",null,null,null,null,{"$f":"IF(OR($Y$9=0,$Y$14=0),0,0.0178*$Y$9/$Y$14)","v":0.17800000000000002},"Ω",null,null,null,null,null,{"$f":"IF(OR($AF$9=0,$AF$14=0),0,0.0178*$AF$9/$AF$14)","v":6.6750000000000004E-2},"Ω"]
[null,"In",20,"A"]
[]
[null,"Überlast",null,1.5,null,null,null,null,"Querschnitt =",null,null,2.5,null,"mm2",null,null,null,null,null,null,null,"Querschnitt =",null,null,1.5,null,"mm2",null,"Querschnitt =",null,null,4,null,"mm2",null,null,null,null,null,null,null,null,null,null,null,null,null,null,null,null,null,null,null,null,null,"R3=",{"$f":"AE11","v":6.6750000000000004E-2},"Ω"]
[null,"Imax",{"$f":"$C$12*$D$14","v":30},"A"]
[null,"Gesamtlast für Netzteil",null,null,null,null,null,null,null,null,null,null,null,null,{"$f":"VLOOKUP(S8,Kennlinien!A2:E56,5)","v":5},"Nennstrom =",null,null,4,"A",{"$f":"IF(S16<BE7,\"Nennstrom kleiner als Laststrom\",\"\")","v":""},null,null,null,null,null,null,null,null,null,null,null,null,null,null,null,null,null,null,null,null,null,null,null,null,null,null,null,null,null,null,null,null,null,null,"R4=",{"$f":"AE4","v":0},"Ω"]
[null,null,16,"A",null,null,null,{"$f":"IF(C12<C17,\"Belastung für Netzteil zu groß!\",\"\")","v":""},null,null,null,null,null,null,null,null,"Ri = ",{"$f":"VLOOKUP(S16,Kennlinien!H2:BA57,O16)","v":2.5000000000000001E-2},null,"Ω","Widerstand Kurzschlussschleife",null,null,null,null,null,null,{"$f":"K11+R17+X11+AE11","v":0.28399000000000002},null,"Ω"]
[null,"theoretischer max. ",null,null,null,null,null,null,null,null,null,"Früheste magn. Auslösung bei DC",null,null,null,null,null,null,{"$f":"VLOOKUP(S8,Kennlinien!A1:E56,3)","v":1.35},"x Inenn  =",null,{"$f":"S18*$S$16","v":5.4},"A",null,null,null,null,null,null,null,null,"Betrachtete",null,null,null,null,null,null,"Betrachtete"]
[null,"Kurzschlußstrom",null,null,null,null,null,null,null,null,null,"Sichere magn. Auslösung bei DC",null,null,null,null,null,null,{"$f":"VLOOKUP(S8,Kennlinien!A1:E56,4)","v":1.8},"x Inenn  =",null,{"$f":"S19*$S$16","v":7.2},"A",null,null,null,null,null,null,null,null,"Last 1",null,null,null,null,null,null,"Last 2"]
[null,null,{"$f":"C15-(D29+AN20)","v":17.8},null,"A",null,null,null,null,null,null,"Spannungsabfall bei Last 1 / 2 Nennstrom:",null,null,null,null,null,null,null,null,null,null,null,{"$f":"AA20/C10","v":4.4965083333333329E-2},null,"=",{"$f":"(BE7*BE9)+(AH20*BE14)+(AN20*BE16)","v":1.079162},null,null,"V",null,"In =",null,3.8,"A",null,null,null,"In =",0,"A",null,null,null,null,null,null,null,null,null,null,null,null,null,null,"Spannungsabfall R1+Ri+R2+R3=",{"$f":"(BE7*BE9)+(AH20*BE14)","v":1.079162},"V"]
[null,null,null,null,null,null,null,null,null,null,null,{"$f":"IF(OR(S16>32,S16<0.1,R17=\"x\"),\"Nennstrom Schutzorgan nicht verfügbar!\",\"\")","v":""}]
[null,null,null,null,null,null,null,null,null,null,null,{"$f":"IF(V19<R27,\"Selektivität ist gegeben\",\"Keine Selektivität. Leitungsschutz nicht sichergestellt !\")","v":"Selektivität ist gegeben"}]
[null,null,null,null,null,null,null,null,null,null,null,{"$f":"IF(OR(S8=1,S8=4,S8=5,S8=6,S8=11,S8=12),\"\",IF(R27<V18,\"Wahrscheinlicher Spannungseinbruch am Netzteil\",IF(R27<V19,\"Möglicher Spannungseinbruch am Netzteil\",\"\")))","v":""},null,null,null,null,null,null,null,null,null,null,null,null,null,null,null,null,null,null,null,"Kurzschluss an der"]
[null,null,null,null,null,null,null,{"$f":"IF(OR(S8=1,S8=27,S8=30,S8=5,S8=6,S8=31,S8=32,S8=9,S8=10,S8=17,S8=18,),\"Flinke Kennlinie: Wahrscheinliche Auslösung beim Einschalten kapazitiver Last !\",\"\")","v":""},null,null,null,null,null,null,null,null,null,null,null,null,null,null,null,null,null,null,null,null,null,null,null,"Last 1 (worst case)",null,null,null,null,null,"ULast",null,{"$f":"C10-AA20","v":22.920838},"V"]
[]
[]
[null,"Restliche Lastkreise",null,null,null,null,null,null,null,null,null,"Max. Kurzschlußstrom = ",null,null,null,null,null,{"$f":"IF(C10/AB17<C20,C10/AB17,C20)","v":17.8},"A",{"$f":"IF($C$10/($AB$17)<C20,\"durch Leitungswiderstand begrenzt\",\"durch Netzteil begrenzt\")","v":"durch Netzteil begrenzt"},null,null,null,null,null,null,null,null,null,null,null,{"$f":"IF(C17<BE7,\"Teillast größer als Gesamtlast!\",\"\")","v":""}]
[null,null,"Gesamtsrom"]
[null,null,"I =",{"$f":"$C$17-$BE$7","v":12.2},"A",null,null,null,null,"Diese Datei dient nur als Planungshilfe! "]
[null,null,null,null,null,null,null,null,null,"Für die Strombelastbarkeit, etc. sind die einschlägigen, internationalen gültigen Normen und Vorschriften zu beachten."]
[]
[null,null,null,null,null,null,null,null,null,null,null,{"$f":"IF(AND(AA33<=AF14,AA33<=Y14,AA33<=AF6)+OR(AND(AA33<=AF14,AA33<=Y14,AF6=0,AN20>=0)),\"Leitungsquerschnitt i.O.\",\"Achtung!Leitungsquerschnitt zu klein dimensioniert!\")","v":"Leitungsquerschnitt i.O."}]
[null,null,null,null,null,null,null,null,null,null,null,"Min. zulässiger Leitungsquerschnitt im geschütztem Lastpfad",null,null,null,null,null,null,null,null,null,null,null,null,null,null,{"$f":"LOOKUP(S16,Leitungsquerschnitt!B8:C52)","v":0.5},null,"mm²"]
[null,null,null,null,null,null,null,null,null,null,null,{"$f":"IF(AA33=\"x\",\"Leitungsquerschnitt nicht verfügbar!\",\"\")","v":""}]
[null,null,null,null,null,null,null,null,null,null,{"$f":"IF(C10>32,\"max. Versorgungsspannung für Schutzorgane ESx überschritten!\",\"\")","v":""}]
[]
[null,null,null,null,null,null,null,null,null,null,{"$f":"IF(C10<18,\"min. Versorgungsspannung für Schutzorgane ESx unterschritten!\",\"\")","v":""}]

{"sheet":"Kennlinien","index":1,"n_rows":61,"n_cols":53,"rows_kept":61,"cut":false,"hidden":false,"merged":[]}
[null,"Kennlinie","Imin.","Imax.","Kennung","Typ",null,"Kennung",2,3,4,5,6,7,8,9,10,11,12,13,14,15,16,17,18,19,20,21,22,23,24,25,26,27,28,29,30,31,32,33,34,35,36,37,38,39,40,41,42,43,44,45,"Nennstrom"]
[1,"B (4230)",3.2,4.8,2,"Leitungsschutzschalter Fa. E-T-A",null,0,"x","x","x","x","x","x","x","x","x","x","x","x","x","x","x","x","x","x","x","x","x","x","x","x","x","x","x","x","x","x","x","x","x","x",null,null,null,null,null,null,null,null,null,null,0]
[2,"C (4230)",6.4,9.6,3,"Leitungsschutzschalter Fa. E-T-A",null,0.1,"x","x","x","x",162,162,92,42,108,108,108,"x","x","x","x","x","x","x","x","x","x","x","x","x","x","x","x","x","x","x","x","x","x","x",null,null,null,null,null,null,null,null,null,null,0.1]
[3,"D (4230)",9.6,14.4,4,"Leitungsschutzschalter Fa. E-T-A",null,0.10100000000000001,"x","x","x","x","x","x","x","x","x","x","x","x","x","x","x","x","x","x","x","x","x","x","x","x","x","x","x","x","x","x","x","x","x","x",null,null,null,null,null,null,null,null,null,null,0.10100000000000001]
[4,"ESX10-(T)",1.35,{"$f":"IF(Schaltbild!S16<8,1.8,IF(Schaltbild!S16<12,1.5,1.3))","v":1.8},5,"Elektronischer Sicherungsautomat Fa. E-T-A",null,0.2,"x","x","x","x",39.299999999999997,39.299999999999997,26.1,11.7,29.9,29.9,29.9,"x","x","x","x","x","x","x","x","x","x","x","x","x","x","x","x","x",42.5,"x","x","x","x","x",null,null,null,null,null,null,null,null,null,null,0.2]
[5,"2210-T(S)-F1",2,4,6,"Therm.-magn. Schutzschalter Fa. E-T-A",null,0.20100000000000001,"x","x","x","x","x","x","x","x","x","x","x","x","x","x","x","x","x","x","x","x","x","x","x","x","x","x","x","x","x","x","x","x","x","x",null,null,null,null,null,null,null,null,null,null,0.20100000000000001]
[6,"2210-T(S)-F2",4.5,8.5,7,"Therm.-magn. Schutzschalter Fa. E-T-A",null,0.3,"x","x","x","x",17.5,17.5,11.6,5.6,14.2,14.2,14.2,"x","x","x","x","x","x","x","x","x","x","x","x","x","x","x","x","x",20,"x","x","x","x","x",null,null,null,null,null,null,null,null,null,null,0.3]
[7,"2210-T(S)-M1",7.8,15.6,8,"Therm.-magn. Schutzschalter Fa. E-T-A",null,0.30099999999999999,"x","x","x","x","x","x","x","x","x","x","x","x","x","x","x","x","x","x","x","x","x","x","x","x","x","x","x","x","x","x","x","x","x","x",null,null,null,null,null,null,null,null,null,null,0.30099999999999999]
[8,"2210-T(S)-M3",7.8,15.6,9,"Therm.-magn. Schutzschalter Fa. E-T-A",null,0.4,"x","x","x","x",9.1999999999999993,9.1999999999999993,6.6,2.9,7.9,7.9,7.9,"x","x","x","x","x","x","x","x","x","x","x","x","x","x","x","x","x","x","x","x","x","x","x",null,null,null,null,null,null,null,null,null,null,0.4]
[9,"2215-F1",2,4,10,"Therm.-magn. Schutzschalter Fa. E-T-A",null,0.40100000000000002,"x","x","x","x","x","x","x","x","x","x","x","x","x","x","x","x","x","x","x","x","x","x","x","x","x","x","x","x","x","x","x","x","x","x",null,null,null,null,null,null,null,null,null,null,0.40100000000000002]
[10,"2215-F2",1.01,2.5,11,"Therm.-magn. Schutzschalter Fa. E-T-A",null,0.5,"x","x","x",0.14000000000000001,6.8,6.8,4.0999999999999996,1.75,3,3,3,0.17,0.2,"x","x","x",5,5,5,"x","x","x",0.18,0.18,"x","x","x",5.5,6.34,10.1,"x","x",3.4,3.12,null,null,null,null,null,null,null,null,null,null,0.5]
[11,"2215-M1",4.5,10.5,12,"Therm.-magn. Schutzschalter Fa. E-T-A",null,0.501,"x","x","x","x","x","x","x","x","x","x","x","x","x","x","x","x","x","x","x","x","x","x","x","x","x","x","x","x","x","x","x","x","x","x",null,null,null,null,null,null,null,null,null,null,0.501]
[12,"REF16-S",1.25,1.25,13,"Elektronischer Sicherungsautomat Fa. E-T-A",null,0.6,"x","x","x","x",4.2,4.2,3,1.42,3.5,3.5,3.5,"x","x","x","x","x","x","x","x","x","x","x","x","x","x","x","x","x","x","x","x","x","x","x",null,null,null,null,null,null,null,null,null,null,0.6]
[13,"ESX10-(TD)",1.05,1.4,14,"Elektronischer Sicherungsautomat Fa. E-T-A",null,0.60099999999999998,"x","x","x","x","x","x","x","x","x","x","x","x","x","x","x","x","x","x","x","x","x","x","x","x","x","x","x","x","x","x","x","x","x","x",null,null,null,null,null,null,null,null,null,null,0.60099999999999998]
[14,"REX22D",1.05,1.35,15,"Elektronischer Sicherungsautomat Fa. E-T-A",null,0.8,"x","x","x","x",2.8,2.8,1.65,0.75,1.8,1.8,1.8,"x","x","x","x","x","x","x","x","x","x","x","x","x","x","x","x","x","x","x","x","x","x","x",null,null,null,null,null,null,null,null,null,null,0.8]
[15,"ESX50D",1.05,1.35,16,"Elektronischer Sicherungsautomat Fa. E-T-A",null,0.80100000000000005,"x","x","x","x","x","x","x","x","x","x","x","x","x","x","x","x","x","x","x","x","x","x","x","x","x","x","x","x","x","x","x","x","x","x",null,null,null,null,null,null,null,null,null,null,0.80100000000000005]
[16,"ESX60D",1.05,1.35,17,"Elektronischer Sicherungsautomat Fa. E-T-A",null,1,1.5,1.5,1.5,0.08,1.6,1.6,1.1000000000000001,0.5,1.19,1.19,1.19,0.14000000000000001,0.14000000000000001,4.4999999999999998E-2,1.4999999999999999E-2,1.2E-2,1.1000000000000001,1.1000000000000001,1.1000000000000001,"x",1.4999999999999999E-2,"x",0.1,0.1,0.18,"x","x",1.44,1.55,2.27,1.9550000000000001,"x",1.21,1.03,null,null,null,null,null,null,null,null,null,null,1]
[17,"2216-S-F1",2,4,18,"Therm.-magn. Schutzschalter Fa. E-T-A",null,1.01,"x","x","x","x","x","x","x","x","x","x","x","x","x","x","x","x","x","x","x","x","x","x","x","x","x","x","x","x","x","x","x","x","x","x",null,null,null,null,null,null,null,null,null,null,1.01]
[18,"2216-S-F2",4,8,19,"Therm.-magn. Schutzschalter Fa. E-T-A",null,1.5,"x","x","x","x",0.78,0.78,0.47,0.22,0.54,0.54,0.54,"x","x","x","x","x","x","x","x","x","x","x","x","x","x","x","x","x","x","x","x","x",0.63,"x",null,null,null,null,null,null,null,null,null,null,1.5]
[19,"2216-S-M1",8,15,20,"Therm.-magn. Schutzschalter Fa. E-T-A",null,1.5009999999999999,"x","x","x","x","x","x","x","x","x","x","x","x","x","x","x","x","x","x","x","x","x","x","x","x","x","x","x","x","x","x","x","x","x","x",null,null,null,null,null,null,null,null,null,null,1.5009999999999999]
[20,"ESX10-T 16A",1.1499999999999999,1.1499999999999999,21,"Elektronischer Sicherungsautomat Fa. E-T-A",null,1.6,"x","x","x","x","x","x","x","x","x","x","x","x","x","x","x","x","x","x","x","x","x","x","x","x","x","x","x",0.63,0.69499999999999995,1.1000000000000001,"x","x","x","x",null,null,null,null,null,null,null,null,null,null,1.6]
[21,"ESX10-S 1A",1.2,2.5,22,"Elektronischer Sicherungsautomat Fa. E-T-A",null,1.601,"x","x","x","x","x","x","x","x","x","x","x","x","x","x","x","x","x","x","x","x","x","x","x","x","x","x","x","x","x","x","x","x","x","x",null,null,null,null,null,null,null,null,null,null,1.601]
[22,"ESX10-S 2-10A",1.2,1.4,23,"Elektronischer Sicherungsautomat Fa. E-T-A",null,2,0.4,0.4,0.4,6.5000000000000002E-2,0.42,0.42,0.28000000000000003,0.13600000000000001,0.33,0.33,0.33,0.05,0.09,4.4999999999999998E-2,1.4999999999999999E-2,1.2E-2,0.3,0.3,0.3,"x","x",1.4999999999999999E-2,5.5E-2,5.5E-2,5.5E-2,"x","x",0.46,0.46,0.61899999999999999,0.51,0.375,0.29499999999999998,0.29199999999999998,null,null,null,null,null,null,null,null,null,null,2]
[23,"ESS31-T",1.2,1.2,24,"Elektronischer Schutzschalter Fa. E-T-A",null,2.0099999999999998,"x","x","x","x","x","x","x","x","x","x","x","x","x","x","x","x","x","x","x","x","x","x","x","x","x","x","x","x","x","x","x","x","x","x",null,null,null,null,null,null,null,null,null,null,2.0099999999999998]
[24,"ESS30-S",1.2,1.2,25,"Elektronischer Schutzschalter Fa. E-T-A",null,2.5,"x","x","x","x",0.26,0.26,0.183,8.3000000000000004E-2,0.2,0.2,0.2,"x","x","x","x","x","x","x","x","x","x","x","x","x","x","x","x","x","x","x","x","x","x","x",null,null,null,null,null,null,null,null,null,null,2.5]
[25,"REX12(D)-T",1.05,3.5,26,"Elektronischer Sicherungsautomat Fa. E-T-A ",null,2.5099999999999998,"x","x","x","x","x","x","x","x","x","x","x","x","x","x","x","x","x","x","x","x","x","x","x","x","x","x","x","x","x","x","x","x","x","x",null,null,null,null,null,null,null,null,null,null,2.5099999999999998]
[26,"ESX10-T 20A/25A",1.1000000000000001,1.5,27,"Elektronischer Sicherungsautomat Fa. E-T-A ",null,3,0.2,0.2,0.2,2.7E-2,0.18,0.18,0.124,5.7000000000000002E-2,0.14000000000000001,0.14000000000000001,0.14000000000000001,0.04,4.7E-2,4.4999999999999998E-2,1.4999999999999999E-2,1.2E-2,0.14000000000000001,0.14000000000000001,0.14000000000000001,"x","x",1.4999999999999999E-2,0.05,0.05,0.04,"x","x",0.15,0.16500000000000001,0.20200000000000001,0.20499999999999999,"x",0.13700000000000001,0.13100000000000001,null,null,null,null,null,null,null,null,null,null,3]
[27,"B (ABB)",4,7,28,"Leitungsschutzschalter,  ABB S 200 Serie",null,3.01,"x","x","x","x","x","x","x","x","x","x","x","x","x","x","x","x","x","x","x","x","x","x","x","x","x","x","x","x","x","x","x","x","x","x",null,null,null,null,null,null,null,null,null,null,3.01]
[28,"C (ABB)",7,15,29,"Leitungsschutzschalter,  ABB S 200 Serie",null,3.6,"x","x","x","x","x","x","x","x","x","x","x","x","x",4.4999999999999998E-2,"x","x","x","x","x","x","x","x",4.2999999999999997E-2,4.2999999999999997E-2,"x","x","x","x","x","x","x","x","x","x",null,null,null,null,null,null,null,null,null,null,3.6]
[29,"K (ABB)",14,21,30,"Leitungsschutzschalter,  ABB S 200 Serie",null,3.61,"x","x","x","x","x","x","x","x","x","x","x","x","x","x","x","x","x","x","x","x","x","x","x","x","x","x","x","x","x","x","x","x","x","x",null,null,null,null,null,null,null,null,null,null,3.61]
[30,"Z (ABB)",3,4.5,31,"Leitungsschutzschalter,  ABB S 200 Serie",null,4,0.15,0.15,0.15,2.5000000000000001E-2,0.12,0.12,7.6999999999999999E-2,4.1000000000000002E-2,8.4000000000000005E-2,8.4000000000000005E-2,8.4000000000000005E-2,2.5000000000000001E-2,0.05,2.7E-2,1.4999999999999999E-2,1.2E-2,0.09,0.09,0.09,"x","x",1.4999999999999999E-2,0.04,0.04,2.8000000000000001E-2,"x","x",0.11,0.12,0.14899999999999999,0.13400000000000001,9.0999999999999998E-2,8.1000000000000003E-2,7.2999999999999995E-2,null,null,null,null,null,null,null,null,null,null,4]
[31,"A   (Siemens)",2.8,4.5,32,"Leitungsschutzschalter,  Siemens 5SY4",null,4.01,"x","x","x","x","x","x","x","x","x","x","x","x","x","x","x","x","x","x","x","x","x","x","x","x","x","x","x","x","x","x","x","x","x","x",null,null,null,null,null,null,null,null,null,null,4.01]
[32,"B   (Siemens)",4.2,7,33,"Leitungsschutzschalter,  Siemens 5SY4",null,5,0.04,0.04,0.04,"x",9.1999999999999998E-2,9.1999999999999998E-2,6.3E-2,3.2000000000000001E-2,5.7000000000000002E-2,5.7000000000000002E-2,5.7000000000000002E-2,"x","x",1.7000000000000001E-2,1.4999999999999999E-2,1.2E-2,0.06,0.06,0.06,"x","x",1.4999999999999999E-2,"x","x","x","x","x","x","x","x","x","x",8.5999999999999993E-2,"x",null,null,null,null,null,null,null,null,null,null,5]
[33,"C   (Siemens)",7,14,34,"Leitungsschutzschalter,  Siemens 5SY4",null,5.01,"x","x","x","x","x","x","x","x","x","x","x","x","x","x","x","x","x","x","x","x","x","x","x","x","x","x","x","x","x","x","x","x","x","x",null,null,null,null,null,null,null,null,null,null,5.01]
[34,"D   (Siemens)",14,28,35,"Leitungsschutzschalter,  Siemens 5SY4",null,6,3.3000000000000002E-2,3.3000000000000002E-2,3.3000000000000002E-2,1.4999999999999999E-2,5.3999999999999999E-2,5.3999999999999999E-2,4.4999999999999998E-2,2.1000000000000001E-2,4.2999999999999997E-2,4.2999999999999997E-2,4.2999999999999997E-2,2.1999999999999999E-2,0.05,1.7000000000000001E-2,1.4999999999999999E-2,1.2E-2,0.05,0.05,0.05,"x","x",1.4999999999999999E-2,2.8000000000000001E-2,2.8000000000000001E-2,2.8000000000000001E-2,"x",5.5E-2,5.5E-2,5.1999999999999998E-2,0.104,5.8000000000000003E-2,5.5E-2,4.3999999999999997E-2,4.2999999999999997E-2,null,null,null,null,null,null,null,null,null,null,6]
[35,null,null,null,36,null,null,6.01,"x","x","x","x","x","x","x","x","x","x","x","x","x","x","x","x","x","x","x","x","x","x","x","x","x","x","x","x","x","x","x","x","x","x",null,null,null,null,null,null,null,null,null,null,6.01]
[36,null,null,null,37,null,null,7,2.9000000000000001E-2,2.9000000000000001E-2,2.9000000000000001E-2,"x","x","x","x","x","x","x","x","x","x",1.7000000000000001E-2,1.4999999999999999E-2,1.2E-2,"x","x","x","x","x",1.4999999999999999E-2,"x","x","x","x","x","x","x","x","x","x","x","x",null,null,null,null,null,null,null,null,null,null,7]
[37,null,null,null,38,null,null,7.01,"x","x","x","x","x","x","x","x","x","x","x","x","x","x","x","x","x","x","x","x","x","x","x","x","x","x","x","x","x","x","x","x","x","x",null,null,null,null,null,null,null,null,null,null,7.01]
[38,null,null,null,39,null,null,8,1.9E-2,1.9E-2,1.9E-2,1.4999999999999999E-2,2.5000000000000001E-2,2.5000000000000001E-2,0.02,0.02,0.02,0.02,0.02,1.2500000000000001E-2,2.75E-2,1.0999999999999999E-2,1.4999999999999999E-2,1.2E-2,0.02,0.02,0.02,"x","x",1.4999999999999999E-2,2.4E-2,2.4E-2,0.02,"x","x","x","x","x",2.7E-2,"x",1.4E-2,1.2E-2,null,null,null,null,null,null,null,null,null,null,8]
[39,null,null,null,40,null,null,8.01,"x","x","x","x","x","x","x","x","x","x","x","x","x","x","x","x","x","x","x","x","x","x","x","x","x","x","x","x","x","x","x","x","x","x",null,null,null,null,null,null,null,null,null,null,8.01]
[40,null,null,null,41,null,null,9,"x","x","x","x","x","x","x","x","x","x","x","x","x","x",1.4999999999999999E-2,1.2E-2,"x","x","x","x","x",1.4999999999999999E-2,"x","x","x","x","x","x","x","x","x","x","x","x",null,null,null,null,null,null,null,null,null,null,9]
[41,null,null,null,42,null,null,9.01,"x","x","x","x","x","x","x","x","x","x","x","x","x","x","x","x","x","x","x","x","x","x","x","x","x","x","x","x","x","x","x","x","x","x",null,null,null,null,null,null,null,null,null,null,9.01]
[42,null,null,null,43,null,null,10,1.4999999999999999E-2,1.4999999999999999E-2,1.4999999999999999E-2,1.4999999999999999E-2,2.1999999999999999E-2,2.1999999999999999E-2,0.02,0.02,0.02,0.02,0.02,1.2E-2,2.8000000000000001E-2,1.0999999999999999E-2,1.4999999999999999E-2,1.2E-2,0.02,0.02,0.02,"x","x",1.4999999999999999E-2,2.1000000000000001E-2,2.1000000000000001E-2,1.7999999999999999E-2,"x",1.3299999999999999E-2,1.3299999999999999E-2,1.26E-2,1.7500000000000002E-2,1.7999999999999999E-2,1.3299999999999999E-2,0.01,8.0000000000000002E-3,null,null,null,null,null,null,null,null,null,null,10]
[43,null,null,null,44,null,null,10.01,"x","x","x","x","x","x","x","x","x","x","x","x","x","x","x","x","x","x","x","x","x","x","x","x","x","x","x","x","x","x","x","x","x","x",null,null,null,null,null,null,null,null,null,null,10.01]
[44,null,null,null,45,null,null,12,1.2999999999999999E-2,1.2999999999999999E-2,1.2999999999999999E-2,1.4999999999999999E-2,0.02,0.02,0.02,0.02,"x","x","x","x","x",6.0000000000000001E-3,"x","x",0.02,0.02,0.02,"x","x","x",1.7999999999999999E-2,"x","x","x","x","x","x","x","x","x","x","x",null,null,null,null,null,null,null,null,null,null,12]
[45,null,null,null,46,null,null,12.01,"x","x","x","x","x","x","x","x","x","x","x","x","x","x","x","x","x","x","x","x","x","x","x","x","x","x","x","x","x","x","x","x","x","x",null,null,null,null,null,null,null,null,null,null,12.01]
[46,null,null,null,47,null,null,13,8.0000000000000002E-3,8.0000000000000002E-3,8.0000000000000002E-3,"x","x","x","x","x","x","x","x","x","x","x","x","x","x","x","x","x","x","x","x","x","x","x",1.3299999999999999E-2,1.3299999999999999E-2,1.26E-2,"x","x","x","x","x",null,null,null,null,null,null,null,null,null,null,13]
[47,null,null,null,48,null,null,13.01,"x","x","x","x","x","x","x","x","x","x","x","x","x","x","x","x","x","x","x","x","x","x","x","x","x","x","x","x","x","x","x","x","x","x",null,null,null,null,null,null,null,null,null,null,13.01]
[48,null,null,null,49,null,null,15,7.0000000000000001E-3,7.0000000000000001E-3,7.0000000000000001E-3,"x","x","x","x","x","x","x","x","x","x",6.0000000000000001E-3,"x","x","x","x","x","x","x","x","x","x","x","x","x","x","x","x","x","x","x","x",null,null,null,null,null,null,null,null,null,null,15]
[49,null,null,null,50,null,null,16,6.0000000000000001E-3,6.0000000000000001E-3,6.0000000000000001E-3,"x",0.02,0.02,0.02,0.02,"x","x","x","x","x",6.0000000000000001E-3,"x","x",0.02,0.02,0.02,9.3749999999999997E-3,"x","x","x","x","x","x",7.0000000000000001E-3,7.0000000000000001E-3,7.7000000000000002E-3,1.09E-2,8.9999999999999993E-3,7.0000000000000001E-3,6.0000000000000001E-3,6.0000000000000001E-3,null,null,null,null,null,null,null,null,null,null,16]
[50,null,null,null,51,null,null,16.010000000000002,"x","x","x","x","x","x","x","x","x","x","x","x","x","x","x","x","x","x","x","x","x","x","x","x","x","x","x","x","x","x","x","x","x","x",null,null,null,null,null,null,null,null,null,null,16.010000000000002]
[51,null,null,null,52,null,null,20,4.0000000000000001E-3,4.0000000000000001E-3,4.0000000000000001E-3,"x","x","x",0.02,"x","x","x","x","x","x",5.3E-3,"x","x","x","x","x","x","x","x","x","x","x",4.4999999999999997E-3,6.3E-3,6.3E-3,6.7000000000000002E-3,6.0000000000000001E-3,6.0000000000000001E-3,6.3E-3,4.0000000000000001E-3,4.0000000000000001E-3,null,null,null,null,null,null,null,null,null,null,20]
[52,null,null,null,53,null,null,20.010000000000002,"x","x","x","x","x","x","x","x","x","x","x","x","x","x","x","x","x","x","x","x","x","x","x","x","x","x","x","x","x","x","x","x","x","x",null,null,null,null,null,null,null,null,null,null,20.010000000000002]
[53,null,null,null,54,null,null,25,3.2000000000000002E-3,3.2000000000000002E-3,3.2000000000000002E-3,"x","x","x",0.02,"x","x","x","x","x","x","x","x","x","x","x","x","x","x","x","x","x","x",4.7999999999999996E-3,5.0000000000000001E-3,5.0000000000000001E-3,4.5999999999999999E-3,4.1000000000000003E-3,"0.005",5.0000000000000001E-3,3.0000000000000001E-3,3.0000000000000001E-3,null,null,null,null,null,null,null,null,null,null,25]
[null,null,null,null,null,null,null,25.01,"x","x","x","x","x","x","x","x","x","x","x","x","x","x","x","x","x","x","x","x","x","x","x","x","x","x","x","x","x","x","x","x","x","x",null,null,null,null,null,null,null,null,null,null,25.01]
[null,null,null,null,null,null,null,32,2.2000000000000001E-3,2.2000000000000001E-3,2.2000000000000001E-3,"x","x","x","x","x","x","x","x","x","x","x","x","x","x","x","x","x","x","x","x","x","x","x",3.5999999999999999E-3,3.5999999999999999E-3,3.5000000000000001E-3,2.8E-3,3.0000000000000001E-3,3.5999999999999999E-3,2.8999999999999998E-3,2E-3,null,null,null,null,null,null,null,null,null,null,32]
[null,null,null,null,null,null,null,32.01,"x","x","x","x","x","x","x","x","x","x","x","x","x","x","x","x","x","x","x","x","x","x","x","x","x","x","x","x","x","x","x","x","x","x",null,null,null,null,null,null,null,null,null,null,32.01]
["Alle Werte für DC-Anwendung !"]
[null,null,null,null,null,null,null,"Innenwiderstand in Abhängigkeit von Nennstrom und Kennlinie (siehe Tab 1)"]
[]
["abhängig vom gewählten Nennstrom in Schaltbild S16 !"]

{"sheet":"Leitungsquerschnitt","index":2,"n_rows":56,"n_cols":4,"rows_kept":56,"cut":false,"hidden":false,"merged":[]}
["Nennstrom des Schutzschaltorgans in Abhängigkeit vom Leitungsquerschnitt"]
["Diese Datei dient nur als Planungshilfe! "]
["Für die Strombelastbarkeit der Leitungen, etc. sind die einschlägigen,"]
["international gültigen Normen und Vorschriften zu beachten."]
[]
["max. Belastbarkeit\nin A","Schutzorgan / Nennstrom \nin A","Nennquerschnitt in mm²,\nLeitung aus Cu","Schutzorgan / Nennstrom \nin A"]
[]
[2,0,0.14000000000000001,0]
[2,0.1,0.14000000000000001,0.1]
[2,0.10100000000000001,0.14000000000000001,0.10100000000000001]
[2,0.2,0.14000000000000001,0.2]
[2,0.20100000000000001,0.14000000000000001,0.20100000000000001]
[2,0.3,0.14000000000000001,0.3]
[2,0.30099999999999999,0.14000000000000001,0.30099999999999999]
[2,0.4,0.14000000000000001,0.4]
[2,0.40100000000000002,0.14000000000000001,0.40100000000000002]
[2,0.5,0.14000000000000001,0.5]
[2,0.501,0.14000000000000001,0.501]
[2,0.6,0.14000000000000001,0.6]
[2,0.60099999999999998,0.14000000000000001,0.60099999999999998]
[2,0.8,0.14000000000000001,0.8]
[2,0.80100000000000005,0.14000000000000001,0.80100000000000005]
[2,1,0.14000000000000001,1]
[4,1.01,0.25,1.01]
[4,1.5,0.25,1.5]
[4,1.6,0.25,1.6]
[4,2,0.25,2]
[6,2.0099999999999998,0.34,2.0099999999999998]
[6,2.5,0.34,2.5]
[6,2.5099999999999998,0.34,2.5099999999999998]
[6,3,0.34,3]
[9,3.01,0.5,3.01]
[9,4,0.5,4]
[12,4.01,0.75,4.01]
[12,5,0.75,5]
[12,5.01,0.75,5.01]
[12,6,0.75,6]
[15,6.01,1,6.01]
[15,8,1,8]
[15,8.01,1,8.01]
[15,10,1,10]
[18,10.01,1.5,10.01]
[18,12,1.5,12]
[18,13,1.5,13]
[18,16,1.5,16]
[26,16.010000000000002,2.5,16.010000000000002]
[26,20,2.5,20]
[34,20.010000000000002,4,20.010000000000002]
[34,25,4,25]
[44,25.01,6,25.01]
[44,32,6,32]
["-",32.01,"x",32.01]
[]
["0.14mm² bis 0.5mm² in Anlehnung an VDE 0891 T1"]
[]
["0.75mm² bis 6mm² nach VDE 0100-523"]

{"sheet":"Produktübersicht","index":3,"n_rows":94,"n_cols":5,"rows_kept":94,"cut":false,"hidden":false,"merged":[[27,2,31,2],[32,2,36,2],[37,2,41,2],[52,2,56,2],[57,2,61,2],[42,2,46,2],[47,2,51,2],[22,2,26,2],[2,2,6,2],[7,2,11,2],[12,2,16,2],[17,2,21,2],[78,2,83,2],[84,2,89,2],[90,2,94,2],[67,2,71,2],[62,2,66,2],[72,2,77,2]]}
["Produkt","Kennlinientyp","Bild","Link Homepage","Link EPLAN Data Portal"]
[]
["ESX10-T-20A/25A","Sicherungsautomat elektronisch",null,"ESX10-T-20A/25A","https://dataportal.epulse.cloud/parts/list?search=esx10&page=1&manufacturer=ETA"]
[null,"für Hutschienenmontage"]
[null,"fixe Stromstärken"]
[null,"aktive Strombegrenzung"]
[]
["ESX10","Sicherungsautomat elektronisch",null,"ESX10","https://dataportal.epulse.cloud/parts/list?search=esx10&page=1&manufacturer=ETA"]
[null,"steckbar"]
[null,"fixe Stromstärken"]
[null,"aktive Strombegrenzung"]
[]
["ESX10-T","Sicherungsautomat elektronisch",null,"ESX10-T","https://dataportal.epulse.cloud/parts/list?search=esx10&page=1&manufacturer=ETA"]
[null,"für Hutschienenmontage"]
[null,"fixe Stromstärken"]
[null,"aktive Strombegrenzung"]
[]
["ESX10-TD","Sicherungsautomat elektronisch",null,"ESX10-TD","https://dataportal.epulse.cloud/parts/list?search=esx10&page=1&manufacturer=ETA"]
[null,"für Hutschienenmontage"]
[null,"einstellbare Stromstärken"]
[null,"aktive Strombegrenzung"]
[]
["2210-S","Schutzschalter thermisch-magnetisch",null,"2210-S","https://dataportal.epulse.cloud/parts/list?search=2210&page=1&manufacturer=ETA"]
[null,"steckbar"]
[]
[]
[]
["2210-T","Schutzschalter thermisch-magnetisch",null,"2210-T","https://dataportal.epulse.cloud/parts/list?search=2210&page=1&manufacturer=ETA"]
[null,"für Hutschienenmontage"]
[]
[]
[]
[2215,"Schutzschalter thermisch-magnetisch",null,2215," -  "]
[null,"steckbar"]
[]
[]
[]
["REF16-S","Sicherungsautomat elektronisch",null,"REF16-S","https://dataportal.epulse.cloud/parts/list?search=ref16&page=1&manufacturer=ETA"]
[null,"steckbar"]
[null,"fixe Stromstärken"]
[null,"aktive Strombegrenzung"]
[]
["4230-T","Leitungsschutzschalter",null,"4230-T","Standard Leitungsschutzschalter verwenden"]
[null,"für Hutschienenmontage"]
[]
[]
[]
["2216-S","Schutzschalter thermisch-magnetisch",null,"2216-S","https://dataportal.epulse.cloud/parts/list?search=2216&page=1&manufacturer=ETA"]
[null,"steckbar"]
[]
[]
[]
["ESX10-TB-16A","Sicherungsautomat elektronisch",null,"ESX10-T-16A","https://dataportal.epulse.cloud/parts/list?search=esx10&page=1&manufacturer=ETA"]
[null,"für Hutschienenmontage"]
[null,"fixe Stromstärke 16A"]
[null,"aktive Strombegrenzung"]
[]
["ESX10-S","Sicherungsautomat elektronisch",null,"ESX10-S","https://dataportal.epulse.cloud/parts/list?search=esx10&page=1&manufacturer=ETA"]
[null,"steckbar"]
[null,"einstellbare Stromstärken 1…10A"]
[null,"aktive Strombegrenzung"]
[]
["ESS31-T","Schutzschalter elektronisch mit galvanischer Trennung",null,"ESS31-T","https://dataportal.epulse.cloud/parts/list?search=ess31&page=1&manufacturer=ETA"]
[null,"für Hutschienenmontage"]
[null,"fixe Stromstärken"]
[null,"aktive Strombegrenzung"]
[]
["ESS30-S","Schutzschalter elektronisch mit galvanischer Trennung",null,"ESS30-S","in Vorbereitung"]
[null,"steckbar"]
[null,"fixe Stromstärken"]
[null,"aktive Strombegrenzung"]
[]
["REX12(D)-T","Sicherungsautomat elektronisch",null,"REX12-T","https://dataportal.epulse.cloud/parts/list?search=REX12&page=1&manufacturer=ETA"]
[null,"für Hutschienenmontage",null,"REX12D-T"]
[null,"fixe Stromstärken"]
[null,"Zeit-Strom-Kennlinie"]
[null,"IO-Link mit REX12D-T"]
[]
["REX22D-T","Sicherungsautomat elektronisch",null,null,"in Vorbereitung"]
[null,"für Hutschienenmontage"]
[null,"fixe und einstellbare Stromstärken"]
[null,"aktive Strombegrenzung"]
[null,"kommunikativ und nicht kommunikativ in einem Gerät"]
[]
["ESX50D","Sicherungsautomat elektronisch",null,"ESX50D","in Vorbereitung"]
[null,"steckbar"]
[null,"einstellbare Stromstärken"]
[null,"mit galvanischer Trennung"]
[null,"aktive Strombegrenzung"]
[]
["ESX60D","Sicherungsautomat elektronisch",null,"ESX60D","in Vorbereitung"]
[null,"steckbar"]
[null,"einstellbare Stromstärken"]
[null,"aktive Strombegrenzung"]

{"sheet":"Read me","index":4,"n_rows":56,"n_cols":4,"rows_kept":56,"cut":false,"hidden":false,"merged":[[55,3,55,5]]}
["Kurzanleitung"]
[]
["Mit dieser Tabellenkalkulation kann ein einzelner DC 24 V Stromkreis (mit 2 Lastzweigen), welcher mit Leitungschutzautomaten, "]
["E-T-A 2210 / 2216 Schutzschaltern oder ESS30 / ESX10 / REF16 / ESS31-T / 2215 / REX12(D)-T / REX22D bestückt wird, "]
["auf seine Auslösebedingungen hin überprüft werden."]
["Dazu wird ein Kurzschluß direkt an einer Last (worst case / rote Verbindung) vorausgesetzt."]
[]
["Die Daten der verwendeten Stromversorgung, der Leitungen, der Last, sowie des verwendeten Schutzorgans"]
["können in die weißen Kästchen eingegeben werden."]
[]
["Am Ende erscheint eine verbale Aussage, ob Selektivität erreicht wird oder welche Auswirkungen zu erwarten sind."]
[]
["Vorgehensweise:"]
[]
["1. Eingaben (direkt in die weißen Kästchen im Schaltbild): "]
[]
["Die eingetragenen Werte sind nur Beispiele und können überschrieben werden !"]
[]
["Netzteil:","Nennspannung (Nennwert oder Toleranzwert)"]
[null,"Nennstrom"]
[null,"Überlastfaktor \"Boost\" (Dauerstrom ohne Einbruch der Nennspannung) in Prozent"]
[null,"Gesamtbelastung durch alle angeschlossenen Verbraucher (realer Wert)"]
[]
["Verdrahtung:","Leitung 1 (z.B. zwischen Netzteil und Schutzelement): Kabellänge (= Hin- und Rückleitung), Querschnitt"]
[null,"Leitung 2 (z.B. zwischen Schutzelement und Unterverteilung): Kabellänge (= Hin- und Rückleitung), Querschnitt"]
[null,"Leitung 3 (z.B. zwischen Unterverteilung und Last1): Kabellänge (= Hin- und Rückleitung), Querschnitt"]
[null,"Leitung 4 (z.B. zwischen Unterverteilung und Last2): Kabellänge (= Hin- und Rückleitung), Querschnitt"]
[]
["Last:","Nennstrom der betrachteten Last 1 & 2"]
[]
["Wird die 2. Last nicht benötigt, wird in die Felder Leitung4 und Last2 der Wert \"0\" eingetragen!! "]
[]
["Schutzelement:","Auswahl der Kennlinie aus Pull-down-Menue"]
[null,"Nennstrom (Verfügbarkeit wird angezeigt)"]
[null,"Innenwiderstand wird automatisch eingesetzt, kann aber alternativ im weißen Kästchen"]
[null,"überschrieben werden."]
[]
["2. Ergebnisse (Anzeige):"]
["o","max. möglicher Kurzschlußstrom des Netzteils"]
["o","max. möglicher zusätzlicher Kurzschlußstrom unter Berücksichtigung der Lasten"]
["o","Leitungswiderstände und Gesamtwiderstand"]
["o","Angabe des Spannungsabfalls auf der Leitung bei Nennstrom"]
["o","magnetische Auslöseschwellen des Schutzelementes"]
["o","tatsächlicher max. möglicher Kurzschlußstrom durch den betrachteten Lastkreis"]
["o","Bewertung der ausgewählten Leitungsquerschnitte im gesicherten Lastpfad"]
["o","Bewertung der Selektivität, des Auslöseverhalten des Schutzelementes und der "]
[null,"Spannung des Netzteiles"]
["o","Bewertung Spannungsversorgung für Schutzorgane Esx "]
[]
[null,"Registerblatt \"Kennlinien\" enthält alle Tabellen zu den verwendeten Schutzelementen."]
[null,"Hier kann nichts eingegeben und geändert werden."]
[]
["Diese Datei dient nur als Planungshilfe! "]
["Für die Strombelastbarkeit der Leitungen, etc. sind die einschlägigen,"]
["international gültigen Normen und Vorschriften zu beachten."]
[null,null,null,"Programmstand: 29.03.2021, APC / Martin Meier"]